e factors of 3075636?
2, 3, 73, 3511
What are the prime factors of 16264737?
3, 29, 101, 617
List the prime factors of 340924.
2, 29, 2939
List the prime factors of 45788.
2, 11447
List the prime factors of 1434347.
421, 3407
List the prime factors of 1574017.
19, 37, 2239
What are the prime factors of 1054929?
3, 351643
What are the prime factors of 3673950?
2, 3, 5, 7, 3499
List the prime factors of 2935297.
31, 94687
What are the prime factors of 25921814?
2, 19, 682153
List the prime factors of 17915922.
2, 3, 995329
What are the prime factors of 1223073?
3, 97, 467
List the prime factors of 3034838.
2, 31, 1579
What are the prime factors of 97183?
157, 619
List the prime factors of 1132023.
3, 401, 941
List the prime factors of 7522275.
3, 5, 100297
List the prime factors of 571341.
3, 43, 103
What are the prime factors of 355542?
2, 3, 11, 5387
What are the prime factors of 301100?
2, 5, 3011
What are the prime factors of 3879326?
2, 11, 176333
List the prime factors of 3768665.
5, 23, 32771
List the prime factors of 7592.
2, 13, 73
What are the prime factors of 346521?
3, 7, 29, 569
List the prime factors of 2836820.
2, 5, 7, 23, 881
What are the prime factors of 28723516?
2, 19, 139, 2719
What are the prime factors of 29441895?
3, 5, 7, 41, 977
What are the prime factors of 642032?
2, 40127
List the prime factors of 473775.
3, 5, 6317
What are the prime factors of 209539?
11, 43, 443
What are the prime factors of 581890?
2, 5, 58189
List the prime factors of 145556.
2, 36389
List the prime factors of 256660.
2, 5, 41, 313
What are the prime factors of 15147003?
3, 31, 271, 601
What are the prime factors of 229419?
3, 29, 293
What are the prime factors of 239616?
2, 3, 13
What are the prime factors of 12718104?
2, 3, 7, 75703
What are the prime factors of 424207?
7, 60601
List the prime factors of 24261557.
24261557
List the prime factors of 294654.
2, 3, 49109
What are the prime factors of 12858081?
3, 23, 307, 607
List the prime factors of 6542842.
2, 1307, 2503
List the prime factors of 747119.
373, 2003
What are the prime factors of 615272?
2, 7, 10987
What are the prime factors of 2737559?
11, 248869
What are the prime factors of 25162905?
3, 5, 1677527
What are the prime factors of 21989?
11, 1999
List the prime factors of 5653414.
2, 13, 217439
What are the prime factors of 607848?
2, 3, 19, 31, 43
List the prime factors of 487814.
2, 191, 1277
What are the prime factors of 15216888?
2, 3, 83, 7639
What are the prime factors of 17511881?
17511881
List the prime factors of 3323770.
2, 5, 509, 653
What are the prime factors of 268964?
2, 19, 3539
What are the prime factors of 2021302?
2, 821, 1231
What are the prime factors of 10356504?
2, 3, 431521
List the prime factors of 429159.
3, 143053
What are the prime factors of 70755?
3, 5, 53, 89
List the prime factors of 395723.
307, 1289
List the prime factors of 317691.
3, 11, 3209
List the prime factors of 874777.
874777
What are the prime factors of 6840600?
2, 3, 5, 13, 877
What are the prime factors of 316476?
2, 3, 59, 149
List the prime factors of 90939.
3, 30313
List the prime factors of 2561361.
3, 11, 77617
What are the prime factors of 8744771?
7, 239, 5227
What are the prime factors of 172348?
2, 11, 3917
What are the prime factors of 35540687?
7, 13, 53, 7369
What are the prime factors of 1512215?
5, 302443
List the prime factors of 1187388.
2, 3, 32983
What are the prime factors of 84606?
2, 3, 59, 239
What are the prime factors of 17183938?
2, 97, 101, 877
What are the prime factors of 206852?
2, 51713
What are the prime factors of 1973827?
29, 2347
List the prime factors of 10029950.
2, 5, 7, 28657
What are the prime factors of 544339?
179, 3041
List the prime factors of 1992456.
2, 3, 27673
List the prime factors of 8941462.
2, 4470731
List the prime factors of 990171.
3, 7, 13, 31
What are the prime factors of 689138?
2, 587
What are the prime factors of 337523?
173, 1951
What are the prime factors of 5929474?
2, 2964737
List the prime factors of 19475694.
2, 3, 7, 67, 769
List the prime factors of 11400892.
2, 2850223
List the prime factors of 1536105.
3, 5, 102407
What are the prime factors of 1573737?
3, 11, 103, 463
List the prime factors of 282465.
3, 5, 6277
List the prime factors of 275125.
5, 31, 71
What are the prime factors of 1889579?
1889579
List the prime factors of 13401200.
2, 5, 33503
What are the prime factors of 2142222?
2, 3, 557, 641
List the prime factors of 1004648.
2, 31, 4051
List the prime factors of 4593303.
3, 11, 13, 43, 83
What are the prime factors of 2474108?
2, 7, 13, 971
What are the prime factors of 210400?
2, 5, 263
List the prime factors of 80320.
2, 5, 251
List the prime factors of 28731.
3, 61, 157
What are the prime factors of 298060?
2, 5, 7, 2129
What are the prime factors of 152232?
2, 3, 6343
What are the prime factors of 2902233?
3, 29, 33359
What are the prime factors of 105224?
2, 7, 1879
What are the prime factors of 1872441?
3, 208049
What are the prime factors of 93529?
93529
List the prime factors of 10621273.
13, 283, 2887
List the prime factors of 70157.
70157
List the prime factors of 2589890.
2, 5, 19, 43, 317
List the prime factors of 280508.
2, 23, 3049
What are the prime factors of 15960135?
3, 5, 37, 149, 193
What are the prime factors of 2811640?
2, 5, 13, 5407
List the prime factors of 198868.
2, 83, 599
List the prime factors of 1533212.
2, 383303
What are the prime factors of 166079?
19, 8741
What are the prime factors of 6519459?
3, 2173153
List the prime factors of 13689150.
2, 3, 5, 263, 347
What are the prime factors of 518545?
5, 137, 757
List the prime factors of 192558.
2, 3, 67, 479
What are the prime factors of 210662?
2, 105331
What are the prime factors of 8487611?
11, 521, 1481
What are the prime factors of 229383?
3, 7, 11, 331
What are the prime factors of 2304984?
2, 3, 11, 8731
What are the prime factors of 4789327?
349, 13723
What are the prime factors of 1574419?
7, 11, 23, 127
List the prime factors of 1480751.
17, 87103
What are the prime factors of 179565?
3, 5, 11971
List the prime factors of 1128944.
2, 37, 1907
What are the prime factors of 1040515?
5, 7, 31, 137
List the prime factors of 332691.
3, 43, 2579
List the prime factors of 1929405.
3, 5, 293, 439
What are the prime factors of 814894?
2, 83, 4909
List the prime factors of 664312.
2, 11, 7549
List the prime factors of 707085.
3, 5, 19, 827
List the prime factors of 13092632.
2, 7, 113, 2069
What are the prime factors of 8869749?
3, 7, 422369
List the prime factors of 18964927.
29, 653963
List the prime factors of 219755.
5, 43951
What are the prime factors of 1140004?
2, 103, 2767
What are the prime factors of 8281162?
2, 127, 32603
What are the prime factors of 1096943?
859, 1277
What are the prime factors of 10557662?
2, 5278831
List the prime factors of 2886962.
2, 13, 37, 3001
What are the prime factors of 167683?
167683
List the prime factors of 545300.
2, 5, 7, 19, 41
What are the prime factors of 822688?
2, 47, 547
What are the prime factors of 25120?
2, 5, 157
What are the prime factors of 204220?
2, 5, 10211
List the prime factors of 590479.
23, 25673
What are the prime factors of 4750676?
2, 7, 169667
List the prime factors of 234569.
127, 1847
List the prime factors of 439851.
3, 146617
List the prime factors of 520654.
2, 439, 593
List the prime factors of 3810058.
2, 7, 43, 6329
What are the prime factors of 15962015?
5, 1597, 1999
What are the prime factors of 173475?
3, 5, 257
What are the prime factors of 4873619?
4873619
List the prime factors of 18120107.
101, 179407
List the prime factors of 1665281.
113, 14737
List the prime factors of 8933809.
43, 207763
What are the prime factors of 216420?
2, 3, 5, 3607
List the prime factors of 6054439.
619, 9781
What are the prime factors of 189888?
2, 3, 23, 43
What are the prime factors of 169076?
2, 43, 983
List the prime factors of 147832.
2, 17, 1087
List the prime factors of 3724656.
2, 3, 13, 47, 127
What are the prime factors of 385708?
2, 211, 457
What are the prime factors of 53835?
3, 5, 37, 97
List the prime factors of 574085.
5, 19, 6043
List the prime factors of 3087273.
3, 7, 113, 1301
What are the prime factors of 466471?
127, 3673
What are the 